 (2863 - 1) + -5 + 8. What is the greatest common factor of 99 and k?
99
Let a be (17/2)/((-2)/(-4)). Let m(u) = 17 - 49*u - 15 - 13. Let k be m(-3). What is the highest common divisor of a and k?
17
Let r(q) = -q**3 + 16*q**2 - 25*q - 34. Let l be r(14). Calculate the greatest common divisor of 4 and l.
4
Let m = -34 + 34. Suppose m = 4*o + 2*f - 40, -2*o - 3*f + 20 = 2*f. Calculate the highest common divisor of o and 25.
5
Let k = 460 + -4. What is the greatest common divisor of 48 and k?
24
Let b = 26 + -3. Let q(s) = s**2 + 10*s - 10. Suppose y = 2, 0*y - 66 = 5*k + 2*y. Let p be q(k). Calculate the highest common factor of b and p.
23
Let w = -152 + 242. What is the highest common factor of 315 and w?
45
Let b = 1339 - 1309. What is the greatest common factor of 555 and b?
15
Let l = 532 - -194. Calculate the greatest common divisor of 198 and l.
66
Let a(h) = -9*h**3 + h**2 - h - 1. Suppose 4*m + m + 5 = 0. Let l be a(m). Let k = l + -7. Calculate the greatest common divisor of k and 1.
1
Suppose -646 = -12*k - 7*k. Calculate the highest common factor of 34 and k.
34
Let y = 86 - 61. Calculate the highest common factor of 5 and y.
5
Suppose 4*i = -2*i. Suppose -2*l + 36 = -i*l. Calculate the greatest common factor of l and 90.
18
Suppose -4*q + 3*q - 5*r + 1 = 0, -r + 45 = 3*q. Calculate the highest common factor of q and 24.
8
Let q be (10 + 0)/(3/((-198)/(-4))). What is the highest common divisor of q and 66?
33
Suppose 4*b + 5*l - 83 = 0, -2*l + 57 = 6*b - 3*b. Calculate the highest common factor of b and 153.
17
Suppose 0 = -1192*v + 1197*v - 3485. What is the greatest common factor of 34 and v?
17
Suppose l - 244 = -2*b, -5*b + 3*l + 620 = 8*l. Suppose 5*n - 120 = -3*z, -12*z = -8*z + 3*n - 160. What is the greatest common factor of z and b?
40
Let q(l) = l**3 + 25*l**2 - 35*l - 158. Let v be q(-26). Calculate the greatest common divisor of v and 1178.
38
Let r(z) = z**2 + 15*z - 6. Suppose 60 = -3*a + 12. Let x be r(a). What is the highest common factor of 10 and x?
10
Let m = 5 + -1. Suppose 4*w - 197 = -4*i - 49, -3*i = -w - 91. What is the greatest common divisor of i and m?
4
Let m = 112 + -107. Suppose -6 = -2*x + 4*x, 0 = m*d - 5*x - 90. Let r(v) = 6*v**2 + 8*v - 3. Let t be r(-6). What is the greatest common divisor of d and t?
15
Suppose -144*c + 694 + 171 = 29*c. Let s = 27 + -3. Let r be s + 2 + -1 + 0. Calculate the highest common divisor of r and c.
5
Let z = -35 - -83. Let l(w) = 14*w - 16. Let f be l(6). Let o be 17/f + 127/4. What is the greatest common divisor of o and z?
16
Let a be 8/(-10) + 1768/(-40). Let n = a + 55. Calculate the greatest common divisor of 10 and n.
10
Suppose -4*q = -3*m + 152, -12*m - 3*q = -14*m + 102. What is the greatest common divisor of 128 and m?
16
Let z(k) = -19 + 10 + k**3 + 3*k**2 + 3*k - 2*k**3 + 10. Let n be z(3). What is the highest common divisor of 110 and n?
10
Let u be 108*-6*6/(-27). Suppose -148*m + u*m = -432. Calculate the greatest common factor of m and 12.
12
Let h(n) = -22*n - 25. Let f be h(-5). Suppose -f*g - 6 = -91*g. Let v(b) = -3*b. Let j be v(-1). Calculate the highest common factor of g and j.
1
Let x(g) = -2*g**3 + 24*g**2 + 17*g - 6. Let r be x(13). Let y = -114 - r. Suppose 12 = 3*s, 5*t - t - s = 32. What is the greatest common factor of y and t?
9
Let s(y) = 10*y**2 - y - 4. Let o(k) = k**2 + k. Let r(a) = 3*o(a) + s(a). Let t be r(2). Calculate the greatest common divisor of t and 78.
26
Let o be -3 + -504 + 3 + -4. Let q be 2/(-4)*o + -2. What is the highest common divisor of 36 and q?
36
Let m be 0 + (-1 - 0) + (-209)/(-19). Calculate the highest common factor of m and 35.
5
Suppose -r + 4*r = 168. Suppose -18*z - 257 = -689. What is the highest common divisor of r and z?
8
Suppose -1596 = -592*r + 586*r. Calculate the highest common factor of 28 and r.
14
Let f(o) = 2*o + 17. Let a be f(-2). Calculate the greatest common factor of 1 and a.
1
Suppose 0*n - 153 = -n - 3*h, -4*n + 4*h = -676. Let j = 26 + -11. What is the greatest common factor of n and j?
15
Suppose -3*r - 2*t + 3*t + 103 = 0, 4*t + 106 = 3*r. Let f = r - -2. What is the highest common factor of 9 and f?
9
Let c be 8/(-4) - (-190)/5. Calculate the highest common factor of c and 48.
12
Let o = 330 + -296. Let u be 35/10 - 6/(-4). Let k be ((-10)/(-8))/(u/340). Calculate the highest common factor of o and k.
17
Let g(y) = 2*y**2 + 35*y - 12. Let o be g(-24). Let h = o - 180. Calculate the highest common factor of 15 and h.
15
Let j = 62 - 38. Let c = 40 - j. What is the greatest common divisor of 8 and c?
8
Let t(o) = -36*o + 23. Let l be t(-2). Calculate the highest common factor of l and 304.
19
Let l be (-26)/14*26 + (-12)/(-42). Let q be ((-9)/6)/(2/l). What is the highest common divisor of q and 324?
36
Let w(p) = -p**2 - 40*p + 100. Let x be w(-42). Let a be -1 + 97 - (-1 - -1). Suppose -2*d - 2*d = -a. Calculate the greatest common factor of d and x.
8
Let y = 4 - -10. Suppose 3*k = -2*d + y, -4*d = 5*k - 16 - 6. Calculate the greatest common factor of 3 and k.
3
Let r be ((-1790)/(-50) - 3)*(-125)/(-10). Suppose -24 - 99 = -3*h. Calculate the greatest common divisor of h and r.
41
Let o(f) = f**3 + 2*f**2 - f. Let u be o(-3). Let n be 21/2*(-28)/u. Calculate the highest common factor of n and 7.
7
Let l be 126/((-8)/(2 + -6)). Suppose 5*j - 2*d - 105 = -7*d, 3*j = -5*d + l. What is the greatest common factor of 14 and j?
7
Let i = 1139 + -1069. Calculate the highest common divisor of 238 and i.
14
Suppose -9 = -2*j - 5. Suppose c - 3 = 0, -3*i - j*i + 7 = -c. Let r be 27*i/6*3. What is the greatest common divisor of r and 243?
27
Let j be 9/((-9)/(-58)) - (1 + 1). What is the highest common factor of j and 28?
28
Suppose -4*a = 2*b - 50, -18*a = 2*b - 20*a - 50. What is the highest common factor of 1 and b?
1
Let w(k) = -k**3 + k + 2. Let z be w(0). Let f be 1/(0 + z/56). Suppose 18 - 46 = -4*s. What is the greatest common divisor of s and f?
7
Suppose -10 = -3*v + 50. Suppose 0 = -18*l + 3*l - 19*l + 340. What is the greatest common factor of v and l?
10
Suppose 0*l - 6 = -3*l. Let n be (2/(-3))/(l/(-36)). Suppose 2*d - 53 = -2*o + 7, -3*o = -5*d + 150. What is the highest common divisor of n and d?
6
Let u = 160 + -84. Suppose 2*a - b - 46 = -a, -3*a = 5*b - u. What is the greatest common factor of 153 and a?
17
Suppose 5*v - 3*i - i - 13 = 0, -i - 7 = -2*v. Suppose -5*q = -v*l - 145, 4*q + 32 = 5*q + 2*l. What is the highest common divisor of q and 30?
30
Let p(o) be the first derivative of -39*o**2/2 - 7*o - 10. Let f be p(-1). What is the greatest common divisor of f and 24?
8
Let l be (-15)/30 + 14/4. Suppose -55 = -l*h - 13. What is the greatest common divisor of h and 42?
14
Let q(a) = 4*a**2 + 5*a - 5. Let l be q(-7). Suppose -5*c - 125 = -5*w, -12*w - 97 = -16*w + 7*c. What is the greatest common divisor of w and l?
26
Suppose -4*x + 366 = 3*a, -3*a + 173 + 196 = 5*x. What is the highest common divisor of a and 59?
59
Suppose 19 = 4*q - 3*q + 3*v, -3*q + 96 = -4*v. Suppose 4*c - 12 - 16 = 0. What is the greatest common factor of c and q?
7
Let x = -18 + 23. Suppose -3*w - x*m = -8*w + 415, 257 = 3*w + m. Calculate the highest common factor of w and 17.
17
Suppose -g = -3*q - 3*g + 277, 0 = 3*q - 4*g - 301. Calculate the greatest common factor of q and 19.
19
Suppose 67 = 5*d - 133. Suppose -5*a + 4 + 93 = 3*w, -36 = -2*a - 4*w. Calculate the greatest common divisor of d and a.
20
Let r = -1388 - -1412. What is the greatest common divisor of 256 and r?
8
Suppose r + 8 - 4 = 0, 5*r - 80 = -5*c. Let m(k) = -5*k. Let o be m(-1). Calculate the highest common divisor of o and c.
5
Let f = 17 - 24. Let o be (-2770)/f + (3 - 95/35). What is the greatest common divisor of o and 44?
44
Let r = 34 + -14. Let l be 4 + (-1)/(0 - 1). Calculate the highest common factor of r and l.
5
Suppose f + 2 = -2*b, 4*f - 1 = -0*f + b. Let g be (f - (1 + 0))*-9. Calculate the greatest common divisor of 27 and g.
9
Let m(a) = a**2 - 18*a + 88. Let s be m(7). Let i = 2 - 1. Let q(x) = 87*x**2 + x. Let z be q(i). Calculate the greatest common divisor of z and s.
11
Suppose g = j - 44, 40 = 20*j - 19*j - 5*g. Suppose -p + 0*p + 9 = 0. Calculate the greatest common divisor of j and p.
9
Suppose 21